ber?
False
Is 51761 composite?
True
Is 905 a composite number?
True
Is 22301 prime?
False
Is 54709 a prime number?
True
Is 111319 prime?
False
Is 57259 a prime number?
True
Is 7817 a prime number?
True
Is 32687 composite?
False
Is 1559 a prime number?
True
Is 36317 a composite number?
True
Is 59153 a prime number?
False
Is 373393 composite?
False
Is 4201 composite?
False
Is 11283 composite?
True
Is 82081 composite?
True
Is 112237 a prime number?
True
Is 50187 composite?
True
Is 28687 prime?
True
Is 4341 a prime number?
False
Is 6469 prime?
True
Is 35209 prime?
False
Is 25157 a composite number?
True
Is 42509 composite?
False
Is 17033 prime?
True
Is 69109 prime?
True
Is 146639 prime?
True
Is 2723 a composite number?
True
Is 40577 a prime number?
True
Is 39973 a composite number?
True
Is 224189 a prime number?
False
Is 4142585 prime?
False
Is 701 composite?
False
Is 26651 prime?
False
Is 2561317 a composite number?
True
Is 126347 prime?
False
Is 13643 prime?
False
Is 4106 composite?
True
Is 10081 a composite number?
True
Is 34691 prime?
False
Is 197711 composite?
False
Is 1002647 prime?
True
Is 50441 composite?
False
Is 247087 composite?
False
Is 218579 composite?
False
Is 417691 composite?
False
Is 13441 prime?
True
Is 25133 a prime number?
False
Is 3189529 a composite number?
True
Is 805639 composite?
False
Is 488557 a composite number?
True
Is 7039 a prime number?
True
Is 9445 composite?
True
Is 27611 a prime number?
True
Is 3007 prime?
False
Is 13799 a composite number?
False
Is 43519 a prime number?
False
Is 1279627 a prime number?
True
Is 2018 prime?
False
Is 105071 composite?
False
Is 1015039 composite?
False
Is 404083 prime?
False
Is 435343 a prime number?
True
Is 77329 composite?
True
Is 81799 composite?
False
Is 22391 composite?
False
Is 631 a composite number?
False
Is 13217 a composite number?
False
Is 80777 prime?
True
Is 132713 composite?
True
Is 274741 a prime number?
False
Is 38897 composite?
True
Is 34042 composite?
True
Is 43637 a prime number?
False
Is 1223149 a prime number?
True
Is 454193 prime?
False
Is 917 composite?
True
Is 2503 composite?
False
Is 29303 a prime number?
True
Is 15398 prime?
False
Is 173846 a composite number?
True
Is 66919 composite?
False
Is 99317 a prime number?
True
Is 1150511 composite?
False
Is 162689 a prime number?
False
Is 2203 a composite number?
False
Is 836167 composite?
True
Is 3191 prime?
True
Is 275183 prime?
True
Is 4997 composite?
True
Is 22141 composite?
True
Is 66687 a composite number?
True
Is 134581 a composite number?
False
Is 23741 composite?
False
Is 25001 composite?
True
Is 4111 a composite number?
False
Is 659809 a composite number?
True
Is 120319 a composite number?
False
Is 515959 prime?
False
Is 704687 composite?
False
Is 5461 a composite number?
True
Is 25087 composite?
False
Is 7642 a composite number?
True
Is 237223 a prime number?
False
Is 745 prime?
False
Is 961 a composite number?
True
Is 434451 a prime number?
False
Is 207433 prime?
True
Is 137537 composite?
False
Is 5137 prime?
False
Is 22303 prime?
True
Is 55733 a composite number?
False
Is 22891 a prime number?
False
Is 2572649 prime?
True
Is 73897 a prime number?
True
Is 7355 prime?
False
Is 92107 prime?
True
Is 29301 a composite number?
True
Is 610939 composite?
True
Is 7451 composite?
False
Is 966109 composite?
False
Is 259949 prime?
True
Is 83059 prime?
True
Is 21955 prime?
False
Is 5723 composite?
True
Is 467651 a prime number?
True
Is 38953 prime?
True
Is 86923 a composite number?
False
Is 6007 prime?
True
Is 2521 a prime number?
True
Is 9257 prime?
True
Is 16255 a prime number?
False
Is 17257 composite?
False
Is 56361 composite?
True
Is 89191 prime?
False
Is 6847 a composite number?
True
Is 19661 composite?
False
Is 299653 composite?
False
Is 84347 a prime number?
True
Is 77177 composite?
True
Is 36293 prime?
True
Is 39383 prime?
True
Is 1637 prime?
True
Is 3647 a composite number?
True
Is 12197 prime?
True
Is 3967 composite?
False
Is 51257 composite?
False
Is 84047 composite?
False
Is 342529 a prime number?
False
Is 780411 composite?
True
Is 567397 a composite number?
True
Is 18947 composite?
False
Is 5436155 prime?
False
Is 6383027 a composite number?
True
Is 20639 a composite number?
False
Is 19937 a composite number?
False
Is 56789 composite?
True
Is 2339 a composite number?
False
Is 256803 prime?
False
Is 11341 composite?
True
Is 1141 prime?
False
Is 3607 a prime number?
True
Is 23417 a prime number?
True
Is 10411 prime?
False
Is 7871 composite?
True
Is 34115 prime?
False
Is 94 a composite number?
True
Is 228287 prime?
False
Is 83177 composite?
False
Is 23957 prime?
True
Is 2521 composite?
False
Is 743 prime?
True
Is 79015 a prime number?
False
Is 852427 a prime number?
True
Is 97663 composite?
True
Is 108835 a prime number?
False
Is 11255 composite?
True
Is 14485 prime?
False
Is 15133 prime?
False
Is 867851 prime?
False
Is 53519 composite?
True
Is 9983 prime?
False
Is 51971 a prime number?
True
Is 218533 a composite number?
True
Is 416289 a prime number?
False
Is 7321 composite?
False
Is 953822 a prime number?
False
Is 11531 prime?
False
Is 333955 prime?
False
Is 59197 prime?
True
Is 3521 composite?
True
Is 17035 composite?
True
Is 1042427 composite?
False
Is 18701 a composite number?
False
Is 1311511 prime?
False
Is 116639 composite?
False
Is 706981 a prime number?
False
Is 14907 a composite number?
True
Is 34721 a prime number?
True
Is 16733 prime?
False
Is 884779 composite?
True
Is 18481 composite?
False
Is 174407 composite?
False
Is 510979 a prime number?
False
Is 77069 composite?
False
Is 35251 a prime number?
True
Is 971783 a composite number?
False
Is 771 prime?
False
Is 3508111 prime?
True
Is 221899 a prime number?
False
Is 379699 prime?
True
Is 3839 prime?
False
Is 21313 composite?
False
Is 3369 composite?
True
Is 50729 a prime number?
False
Is 31139 a prime number?
True
Is 44683 a prime number?
True
Is 787 a prime number?
True
Is 147481 composite?
False
Is 118571 prime?
True
Is 1108615 composite?
True
Is 577469 a prime number?
False
Is 260255 prime?
False
Is 12821 composite?
False
Is 65809 a prime number?
True
Is 30181 prime?
True
Is 26309 composite?
False
Is 1078201 a composite number?
True
Is 570821 a composite number?
False
Is 8453 prime?
False
Is 11441 composite?
True
Is 13945 a composite number?
True
Is 3374017 prime?
True
Is 5267 a composite number?
True
Is 33149 a prime number?
True
Is 105153 prime?
False
Is 34197 a composite number?
True
Is 1363 prime?
False
Is 78586 a prime number?
False
Is 139067 prime?
True
Is 967 a prime number?
True
Is 13327 prime?
True
Is 14594 prime?
False
Is 147413 prime?
False
Is 11678 a composite number?
True
Is 1081571 a composite number?
True
Is 15161 a composite number?
False
Is 216831 a composite number?
True
Is 46637 a composite number?
True
Is 3052615 a prime number?
False
Is 2785 a composite number?
True
Is 13393 a prime number?
False
Is 279397 a composite number?
False
Is 27562 prime?
False
Is 31009 a composite number?
True
Is 77 a prime number?
False
Is 2463 a prime number?
False
Is 648157 prime?
False
Is 733027 a composite number?
True
Is 1244173 composite?
True
Is 116353 a composite number?
True
Is 126281 prime?
False
Is 50311 prime?
True
Is 6047 a composite number?
False
Is 2773 a prime number?
False
Is 51505 a prime number?
False
Is 1605083 prime?
True
Is 55609 a composite number?
False
Is 88547 a composite number?
False
Is 28617 a prime number?
False
Is 536317 a prime number?
False
Is 58309 a composite number?
False
Is 19949 a composite number?
False
Is 3299 composite?
False
Is 28862 a composite number?
True
Is 76943 prime?
True
Is 1404511 composite?
True
Is 1057135 composite?
True
Is 6401 prime?
False
Is 226 prime?
False
Is 16877 a prime number?
False
Is 9851 a composite number?
False
Is 1781495 composite?
True
Is 97327 prime?
True
Is 19121 a composite number?
False
Is 22391 composite?
False
Is 16273 composite?
False
Is 3079 a prime number?
True
Is 1657 prime?
True
Is 4679 a composite number?
False
Is 7523 prime?
True
Is 89 a composite number?
False
Is 6857 a prime number?
True
Is 19631 composite?
True
Is 3617267 composite?
False
Is 207589 a composite number?
False
Is 511871 a prime number?
False
Is 5303 prime?
True
Is 487 prime?
True
Is 987